mon divisor of i and 77?
7
Suppose 0*g - 9 = -g - 3*u, 5*g - 93 = u. Let o be ((-12)/g)/(2/3). Let m be (-2)/(0 - o/(-8)). Calculate the highest common divisor of 128 and m.
16
Suppose 2*j - k = 29, -2*j = 3*j + 5*k - 35. Let u be ((-3)/(-6))/(2/j). Let h be ((-2)/4)/(3/(-12)). Calculate the highest common factor of u and h.
1
Suppose 3*h = 4*a + 60, 4*a + a + 15 = 0. What is the highest common divisor of 8 and h?
8
Let r = 36 - 6. Let f be (-4)/(-6) + 10/(-15). Suppose -o = -f*o - 75. What is the highest common factor of o and r?
15
Suppose -3*o - 11 = -44. What is the highest common factor of o and 77?
11
Let z(q) = -q**2 + 10*q - 4. Let c be z(9). Calculate the highest common factor of c and 15.
5
Let j(s) = -49*s - 14. Let n be j(-5). What is the highest common divisor of 21 and n?
21
Suppose -3*k = 2*k + 3*n - 11, -5*k + 29 = -3*n. Calculate the greatest common factor of 8 and k.
4
Suppose 7*q - 560 = -3*q. What is the greatest common divisor of q and 42?
14
Suppose 0 = -5*d + 203 + 897. Calculate the highest common factor of d and 20.
20
Let h be ((-6)/(-5))/((-6)/(-20)). Let w(u) = u**2 + 32. Let j be w(0). Calculate the greatest common factor of j and h.
4
Let j(g) = 17 - 4*g + 3*g + 18. Let b be j(0). Let h = 16 - 2. What is the highest common factor of h and b?
7
Let d be 52/8*(0 - -8). Calculate the highest common divisor of d and 13.
13
Let t = 12 - 12. Suppose -5*i - 2*l + 401 = t, -3*l + 91 = i - 8*l. What is the highest common divisor of i and 9?
9
Let s = 149 + -77. Let j be (-1)/3 - 62/3. Let n = 29 + j. What is the highest common divisor of n and s?
8
Let i = 23 + -10. Calculate the highest common divisor of 13 and i.
13
Suppose -5 = -5*j + 10. Let k(z) = z**2 - z + 69. Let r be k(0). Let q = r + -42. Calculate the greatest common divisor of j and q.
3
Suppose -3*o - n = 3*n - 62, 2*o = 5*n + 26. What is the highest common factor of o and 27?
9
Let g(w) = -w**2 + 10*w + 4. Let h be g(6). What is the highest common divisor of 56 and h?
28
Suppose -2*d - 3*d + 40 = 0. Suppose o + 2 = -3*o + t, d = -o + 4*t. Suppose -2*a + a + 112 = o. What is the highest common factor of a and 14?
14
Suppose -3*y = -y - 8. Let l(p) = p**2 - 2*p - 2. Let s be l(y). Suppose 0 = c - 3*c + s. What is the greatest common divisor of c and 9?
3
Let j(y) = y**2 - 5*y + 6. Let v be j(5). Suppose -v = -2*w - 0. Let x = 20 + -19. Calculate the greatest common divisor of x and w.
1
Suppose -t + 35 = -15. Suppose -2*k - 2 + t = 0. Calculate the highest common divisor of k and 8.
8
Suppose -47 + 11 = -k. Calculate the highest common factor of 9 and k.
9
Suppose -31 + 223 = 4*b. Calculate the highest common divisor of 12 and b.
12
Let u = 21 - 18. Suppose 20 = s - u*t, 4*t + 22 + 26 = 2*s. Calculate the greatest common factor of 160 and s.
32
Let m be (-6)/8 + 70/8. Let h be 15/(-10)*m/(-3). Let k be (-3768)/(-42) - h/(-14). What is the greatest common factor of 10 and k?
10
Suppose -5*r - 4*u - 2 = -50, -3*u = -2*r + 10. What is the greatest common factor of 1 and r?
1
Suppose -4*o = 3*z, 2*z - 2*o - 2 = 12. Suppose 0 = -0*i + z*i. Suppose -2*j - 2*j + 20 = i. Calculate the highest common divisor of j and 25.
5
Suppose 4*h = -5*s + 32, 4*h - 2*s + 0*s - 32 = 0. Let p = h - -1. What is the highest common factor of p and 36?
9
Let d be 2/(-8) - 2724/(-16). Suppose 4*p - 28 = -3*h, -2*h = -h + p - 10. Let u = h + 5. What is the highest common factor of u and d?
17
Suppose -8*d + 18 + 190 = 0. Calculate the highest common factor of d and 13.
13
Suppose -b = -5*f + 279, -4*f - 2*b + 170 = -f. Let t be 16/1 + 1 + -2. Let n = t - 8. What is the greatest common divisor of n and f?
7
Let c(g) = -10*g - 1. Let l be c(-2). Calculate the highest common factor of 171 and l.
19
Suppose -11*f + 1384 + 2246 = 0. Calculate the greatest common divisor of 30 and f.
30
Let v(b) = -b**3 - 3*b**2 + 3*b - 4. Let l be v(-4). Suppose l = -3*o - 1 + 7. What is the greatest common factor of 22 and o?
2
Suppose 8 - 13 = -5*m. Let i be m/(-2)*(-28 - -4). Calculate the greatest common factor of 8 and i.
4
Suppose 2*r = -0*r - 2. Let k = 14 + r. What is the highest common factor of k and 65?
13
Let f(i) = -i + 11. Let t be f(8). Suppose 0 = t*d + 34 - 82. Calculate the highest common divisor of d and 144.
16
Suppose 3*y - 20 = -4*a, 3*a = -5*y + 27 + 10. Calculate the greatest common divisor of y and 12.
4
Suppose 4*m + 23 = -37. Let i be (m/(-10))/(3/4). Suppose -2*k + 64 = i*k. Calculate the greatest common factor of k and 2.
2
Let u(i) = 169*i**2 - 7*i - 5. Let v be u(-1). Calculate the greatest common divisor of 9 and v.
9
Let c(w) = w**2 + 4*w + 3. Suppose -2*a + 3*a = -2. Let z be c(a). Let t be 5*(-2 + 5) + z. Calculate the highest common divisor of t and 7.
7
Suppose -5*j - 3*a = 2, 5*j + 2*a + 2*a = -6. Suppose -3*u + 5*c = -281, 0 = -2*u - u - j*c + 274. Calculate the highest common factor of 23 and u.
23
Let r be (15/(-10))/((-6)/16). Let a be -224*(r/(-8) - 0). Calculate the highest common divisor of a and 16.
16
Suppose 0*q - 5*q - d - 196 = 0, -q + 5*d = 60. Let u = q + 68. What is the highest common factor of u and 42?
14
Suppose 25 = 5*q - 75. Let k be 2/10 + 4/5. Suppose -4*m + 5*n + 16 = k, 0 = n - 5. Calculate the highest common divisor of m and q.
10
Suppose 0 = -5*s - 0*s + 10. Suppose 0 = s*n - 5 - 31. Suppose -4*d - 24 = -132. Calculate the highest common divisor of d and n.
9
Suppose 8*b + 351 - 1303 = 0. What is the highest common divisor of 17 and b?
17
Let v be (2/(-3))/((12/234)/(-1)). Calculate the highest common divisor of 78 and v.
13
Let y = 17 + -1. Suppose -3*i - y = -70. Let n = 64 + -58. Calculate the highest common factor of n and i.
6
Let x(o) = o**3 + 13*o**2 - 22*o - 21. Let z be x(-14). What is the highest common divisor of z and 26?
13
Suppose 2*u - 51 = 59. Let d be (-36)/(-3) + 2 + -3. What is the greatest common factor of u and d?
11
Suppose -3*m + 26 = -m. Suppose m = -4*o + 193. What is the greatest common divisor of o and 30?
15
Let b = -13 + 29. What is the greatest common divisor of 64 and b?
16
Suppose -5*s = -0 - 10. Suppose 0 = -s*g + 12 - 0. Let h be (3/g)/(-1)*-18. Calculate the highest common factor of h and 99.
9
Suppose -49 = -4*a + 79. What is the highest common factor of 160 and a?
32
Suppose 5*n = -5*r + 1060, 5*n - 224 = -6*r + 5*r. What is the highest common factor of r and 19?
19
Let l(z) be the first derivative of -z**2/2 + 12*z - 1. Let a be l(12). Suppose 3*x - 7*x + 28 = a. Calculate the highest common factor of 14 and x.
7
Suppose 0*c + b - 46 = -4*c, 3*c - 4*b = 25. Let p = -70 + 125. What is the highest common divisor of p and c?
11
Let w be 9/(-12) + 28/16. What is the highest common divisor of w and 11?
1
Let y be 1*2 + 9 + -13. Let m be 2 - (y + (-2 - -2)). What is the greatest common factor of 28 and m?
4
Let z = 426 + -107. What is the greatest common factor of 29 and z?
29
Let n(g) = -133*g - 1. Let t be n(-1). Suppose -5*x + 4*l = -72, -2*l - 51 = -3*x + 3*l. What is the greatest common factor of t and x?
12
Suppose -2 + 6 = -s. Let k(j) = -j**3 - 3*j**2 + 2*j - 4. Let p be k(s). Suppose -b - 9 = -p*b. Calculate the highest common divisor of 12 and b.
3
Let j be ((-1)/(-2) - -1)*(-460)/(-30). Calculate the highest common factor of 46 and j.
23
Suppose -4*v = -107 + 19. Let x be 2/(-3) - v/(-6). Suppose -2*p - 426 = -2*w, 0 = w + x*w + 4*p - 828. What is the greatest common factor of 21 and w?
21
Suppose 5*s - 62 = 48. Calculate the highest common factor of 11 and s.
11
Suppose -b - 23 - 15 = -3*r, -2*b + 23 = 3*r. Let g = r - 1. Calculate the greatest common factor of 70 and g.
10
Suppose -s + 4*u - 9 = 0, -s + 39 = 4*s + u. What is the greatest common divisor of 7 and s?
7
Suppose 3*r + 4*k = -6, -6*r = -2*r - 4*k - 20. Calculate the greatest common factor of r and 10.
2
Suppose 3*a = -1 + 31. What is the highest common divisor of a and 90?
10
Suppose 2*g = 3 - 7. Let a be g/3 + (-47)/(-3). What is the highest common factor of a and 120?
15
Let c be 1/((-2)/1 - (-54)/26). Calculate the greatest common factor of 52 and c.
13
Suppose 4*z + 0 = 8. Let r be 51 - (z + 0/1). Calculate the greatest common divisor of 7 and r.
7
Suppose -2*v + 52 = 3*f, 2*f - 6*f = v - 61. Calculate the highest common divisor of f 